{"id":3258,"date":"2023-02-10T13:00:33","date_gmt":"2023-02-10T13:00:33","guid":{"rendered":"https:\/\/bicixarxa.org\/?page_id=3258"},"modified":"2023-03-27T14:30:57","modified_gmt":"2023-03-27T14:30:57","slug":"diccionari-de-llengues-del-mon","status":"publish","type":"page","link":"https:\/\/bicixarxa.org\/?page_id=3258&lang=ca","title":{"rendered":"Diccionari de lleng\u00fces del m\u00f3n"},"content":{"rendered":"\n<p><strong>ITALI\u00c0 <\/strong><\/p>\n\n\n\n<ul class=\"wp-block-list\">\n<li>In bocca al lupo &#8211; Bona sort!<\/li>\n<\/ul>\n\n\n\n<p><\/p>\n\n\n\n<p><strong>OCCIT\u00c0<\/strong><\/p>\n\n\n\n<ul class=\"wp-block-list\">\n<li>Nivol &#8211; N\u00favol<\/li>\n\n\n\n<li>Majofa &#8211; Maduixa<\/li>\n\n\n\n<li>Cagarol &#8211; Cargol<\/li>\n\n\n\n<li>Pastenaga &#8211; Pastanaga<\/li>\n<\/ul>\n\n\n\n<p><\/p>\n\n\n\n<p><strong>LIGURE<\/strong><\/p>\n\n\n\n<ul class=\"wp-block-list\">\n<li>Una palanca in menu ma \u00fc mugugno liberu &#8211; Un c\u00e8ntim menys de sou per\u00f2 la llibertat de queixar-se lliurement<\/li>\n<\/ul>\n\n\n\n<p><\/p>\n\n\n\n<p><strong>ESLOV\u00c8<\/strong><\/p>\n\n\n\n<ul class=\"wp-block-list\">\n<li>\u017delezni\u0161ka postaja &#8211; Estaci\u00f3 de tren<\/li>\n\n\n\n<li>Trg &#8211; Pla\u00e7a<\/li>\n\n\n\n<li>Pekarna &#8211; Fleca<\/li>\n<\/ul>\n\n\n\n<p><\/p>\n\n\n\n<p><strong>CROAT<\/strong><\/p>\n\n\n\n<ul class=\"wp-block-list\">\n<li>Luka &#8211; Port mar\u00edtim<\/li>\n\n\n\n<li>Hvala &#8211; Gr\u00e0cies<\/li>\n\n\n\n<li>Dobar dan &#8211; Bon dia<\/li>\n\n\n\n<li>Bok &#8211; Hola<\/li>\n\n\n\n<li>Sir &#8211; Formatge<\/li>\n\n\n\n<li>Raj\u010dica &#8211; Tom\u00e0quet<\/li>\n\n\n\n<li>Pekara &#8211; Fleca<\/li>\n<\/ul>\n","protected":false},"excerpt":{"rendered":"<p>ITALI\u00c0 OCCIT\u00c0 LIGURE ESLOV\u00c8 CROAT<\/p>\n","protected":false},"author":1,"featured_media":0,"parent":0,"menu_order":0,"comment_status":"closed","ping_status":"closed","template":"","meta":{"footnotes":""},"class_list":["post-3258","page","type-page","status-publish","hentry","entry entry-center"],"aioseo_notices":[],"_links":{"self":[{"href":"https:\/\/bicixarxa.org\/index.php?rest_route=\/wp\/v2\/pages\/3258","targetHints":{"allow":["GET"]}}],"collection":[{"href":"https:\/\/bicixarxa.org\/index.php?rest_route=\/wp\/v2\/pages"}],"about":[{"href":"https:\/\/bicixarxa.org\/index.php?rest_route=\/wp\/v2\/types\/page"}],"author":[{"embeddable":true,"href":"https:\/\/bicixarxa.org\/index.php?rest_route=\/wp\/v2\/users\/1"}],"replies":[{"embeddable":true,"href":"https:\/\/bicixarxa.org\/index.php?rest_route=%2Fwp%2Fv2%2Fcomments&post=3258"}],"version-history":[{"count":16,"href":"https:\/\/bicixarxa.org\/index.php?rest_route=\/wp\/v2\/pages\/3258\/revisions"}],"predecessor-version":[{"id":4865,"href":"https:\/\/bicixarxa.org\/index.php?rest_route=\/wp\/v2\/pages\/3258\/revisions\/4865"}],"wp:attachment":[{"href":"https:\/\/bicixarxa.org\/index.php?rest_route=%2Fwp%2Fv2%2Fmedia&parent=3258"}],"curies":[{"name":"wp","href":"https:\/\/api.w.org\/{rel}","templated":true}]}}