{"id":3260,"date":"2023-02-10T13:01:32","date_gmt":"2023-02-10T13:01:32","guid":{"rendered":"https:\/\/bicixarxa.org\/?page_id=3260"},"modified":"2023-03-27T14:33:23","modified_gmt":"2023-03-27T14:33:23","slug":"diccionario-de-lenguas-del-mundo","status":"publish","type":"page","link":"https:\/\/bicixarxa.org\/?page_id=3260&lang=es","title":{"rendered":"Diccionario de lenguas del mundo"},"content":{"rendered":"\n<p><strong>ITALIANO <\/strong><\/p>\n\n\n\n<ul class=\"wp-block-list\">\n<li>In bocca al lupo &#8211; Buena suerte!<\/li>\n<\/ul>\n\n\n\n<p><\/p>\n\n\n\n<p><strong>OCCITAN<\/strong>O<\/p>\n\n\n\n<ul class=\"wp-block-list\">\n<li>Nivol &#8211; Nube<\/li>\n\n\n\n<li>Majofa &#8211; Fresa<\/li>\n\n\n\n<li>Cagarol &#8211; Caracol<\/li>\n\n\n\n<li>Pastenaga &#8211; Zanahoria<\/li>\n<\/ul>\n\n\n\n<p><\/p>\n\n\n\n<p><strong>LIGURE<\/strong><\/p>\n\n\n\n<ul class=\"wp-block-list\">\n<li>Una palanca in menu ma \u00fc mugugno liberu &#8211; Un c\u00e9ntimo menos de sueldo pero la libertad de quejarse libremente<\/li>\n<\/ul>\n\n\n\n<p><\/p>\n\n\n\n<p><strong>ESLOVENO<\/strong><\/p>\n\n\n\n<ul class=\"wp-block-list\">\n<li>\u017delezni\u0161ka postaja &#8211; Estaci\u00f3n de tren<\/li>\n\n\n\n<li>Trg &#8211; Plaza<\/li>\n\n\n\n<li>Pekarna &#8211; Panader\u00eda<\/li>\n<\/ul>\n\n\n\n<p><\/p>\n\n\n\n<p><strong>CROATA<\/strong><\/p>\n\n\n\n<ul class=\"wp-block-list\">\n<li>Luka &#8211; Puerto mar\u00edtimo<\/li>\n\n\n\n<li>Hvala &#8211; Gracias<\/li>\n\n\n\n<li>Dobar dan &#8211; Buenos d\u00edas<\/li>\n\n\n\n<li>Bok &#8211; Hola<\/li>\n\n\n\n<li>Sir &#8211; Queso<\/li>\n\n\n\n<li>Raj\u010dica &#8211; Tomate<\/li>\n\n\n\n<li>Pekara &#8211; Panader\u00eda<\/li>\n<\/ul>\n","protected":false},"excerpt":{"rendered":"<p>ITALIANO OCCITANO LIGURE ESLOVENO CROATA<\/p>\n","protected":false},"author":1,"featured_media":0,"parent":0,"menu_order":0,"comment_status":"closed","ping_status":"closed","template":"","meta":{"footnotes":""},"class_list":["post-3260","page","type-page","status-publish","hentry","entry entry-center"],"aioseo_notices":[],"_links":{"self":[{"href":"https:\/\/bicixarxa.org\/index.php?rest_route=\/wp\/v2\/pages\/3260","targetHints":{"allow":["GET"]}}],"collection":[{"href":"https:\/\/bicixarxa.org\/index.php?rest_route=\/wp\/v2\/pages"}],"about":[{"href":"https:\/\/bicixarxa.org\/index.php?rest_route=\/wp\/v2\/types\/page"}],"author":[{"embeddable":true,"href":"https:\/\/bicixarxa.org\/index.php?rest_route=\/wp\/v2\/users\/1"}],"replies":[{"embeddable":true,"href":"https:\/\/bicixarxa.org\/index.php?rest_route=%2Fwp%2Fv2%2Fcomments&post=3260"}],"version-history":[{"count":9,"href":"https:\/\/bicixarxa.org\/index.php?rest_route=\/wp\/v2\/pages\/3260\/revisions"}],"predecessor-version":[{"id":4867,"href":"https:\/\/bicixarxa.org\/index.php?rest_route=\/wp\/v2\/pages\/3260\/revisions\/4867"}],"wp:attachment":[{"href":"https:\/\/bicixarxa.org\/index.php?rest_route=%2Fwp%2Fv2%2Fmedia&parent=3260"}],"curies":[{"name":"wp","href":"https:\/\/api.w.org\/{rel}","templated":true}]}}